49?
46
What is the remainder when 52154725 is divided by 8?
5
Calculate the remainder when 3062793 is divided by 101.
69
What is the remainder when 6906723 is divided by 7813?
31
What is the remainder when 7299463 is divided by 326?
323
What is the remainder when 60468097 is divided by 11?
8
Calculate the remainder when 1375953 is divided by 489.
396
What is the remainder when 175877 is divided by 42240?
6917
What is the remainder when 12975323 is divided by 84806?
5
What is the remainder when 9686 is divided by 1800?
686
Calculate the remainder when 11515432 is divided by 38.
26
What is the remainder when 3319056 is divided by 5450?
6
Calculate the remainder when 2836715 is divided by 637.
154
What is the remainder when 8035394 is divided by 498?
164
What is the remainder when 12384 is divided by 3082?
56
Calculate the remainder when 26722810 is divided by 26722809.
1
Calculate the remainder when 294069 is divided by 1161.
336
What is the remainder when 2875481 is divided by 1848?
1841
Calculate the remainder when 70453823 is divided by 1216.
1215
Calculate the remainder when 775939 is divided by 1813.
1788
What is the remainder when 45922 is divided by 1728?
994
What is the remainder when 5816329 is divided by 13189?
13169
Calculate the remainder when 5369289 is divided by 108.
69
What is the remainder when 4385745 is divided by 977?
969
What is the remainder when 333143 is divided by 166506?
131
Calculate the remainder when 538261 is divided by 134560.
21
What is the remainder when 17618642 is divided by 5872876?
14
Calculate the remainder when 209875 is divided by 1094.
921
What is the remainder when 9312812 is divided by 661?
644
What is the remainder when 1030028 is divided by 60575?
253
Calculate the remainder when 74342 is divided by 73777.
565
Calculate the remainder when 18738 is divided by 407.
16
Calculate the remainder when 577376 is divided by 10497.
41
What is the remainder when 5548172 is divided by 1849386?
14
What is the remainder when 15873095 is divided by 692?
691
What is the remainder when 1268220 is divided by 317037?
72
What is the remainder when 938890 is divided by 128?
10
What is the remainder when 149251 is divided by 278?
243
What is the remainder when 115730 is divided by 5?
0
Calculate the remainder when 90174547 is divided by 5846.
5843
Calculate the remainder when 408827247 is divided by 234.
231
What is the remainder when 203235 is divided by 11137?
2769
What is the remainder when 472717 is divided by 20?
17
What is the remainder when 158850717 is divided by 864?
861
What is the remainder when 133281 is divided by 64204?
4873
Calculate the remainder when 818404 is divided by 1178.
872
What is the remainder when 336078 is divided by 478?
44
What is the remainder when 2186323 is divided by 2476?
15
What is the remainder when 1275295 is divided by 1308?
1303
Calculate the remainder when 1419883 is divided by 5730.
4573
What is the remainder when 23380563 is divided by 7547?
7504
What is the remainder when 63421 is divided by 842?
271
What is the remainder when 39653689 is divided by 3687?
4
Calculate the remainder when 8745911 is divided by 9761.
55
Calculate the remainder when 592758 is divided by 1864.
6
What is the remainder when 3043752 is divided by 11485?
227
Calculate the remainder when 30227495 is divided by 113.
108
What is the remainder when 4393317 is divided by 26626?
27
Calculate the remainder when 2018917 is divided by 2605.
42
Calculate the remainder when 3486670 is divided by 171.
151
What is the remainder when 13984319 is divided by 21?
20
What is the remainder when 1764856 is divided by 7640?
16
What is the remainder when 641968 is divided by 320981?
6
Calculate the remainder when 93490 is divided by 13384.
13186
Calculate the remainder when 50012 is divided by 3820.
352
What is the remainder when 42502241 is divided by 24928?
1
Calculate the remainder when 31281996 is divided by 2000.
1996
What is the remainder when 6424501 is divided by 12524?
12213
What is the remainder when 225785 is divided by 941?
886
Calculate the remainder when 74381 is divided by 378.
293
What is the remainder when 26801415 is divided by 1787?
1776
Calculate the remainder when 310133824 is divided by 29.
23
Calculate the remainder when 89372 is divided by 2291.
23
What is the remainder when 1295873 is divided by 2167?
7
What is the remainder when 31232815 is divided by 82?
81
Calculate the remainder when 1240804 is divided by 413601.
1
Calculate the remainder when 36394092 is divided by 5118.
5112
Calculate the remainder when 109468507 is divided by 1788.
1783
Calculate the remainder when 707456 is divided by 353714.
28
What is the remainder when 1640615 is divided by 205075?
15
Calculate the remainder when 6363140 is divided by 1590763.
88
What is the remainder when 11679032 is divided by 778589?
197
What is the remainder when 249461745 is divided by 48?
33
What is the remainder when 1459509 is divided by 179?
122
Calculate the remainder when 337658 is divided by 337657.
1
What is the remainder when 21706883 is divided by 42?
23
What is the remainder when 7283139 is divided by 1344?
3
Calculate the remainder when 539586 is divided by 706.
202
What is the remainder when 1419648 is divided by 6895?
6173
Calculate the remainder when 751752 is divided by 2886.
1392
Calculate the remainder when 1827979 is divided by 15.
4
What is the remainder when 2736 is divided by 1331?
74
Calculate the remainder when 437239 is divided by 145744.
7
What is the remainder when 30582575 is divided by 3058253?
45
What is the remainder when 942870 is divided by 471376?
118
What is the remainder when 6583331 is divided by 20?
11
What is the remainder when 21793899 is divided by 2850?
2799
What is the remainder when 17812477 is divided by 16741?
53
Calculate the remainder when 4347210 is divided by 94.
86
What is the remainder when 397835 is divided by 56831?
18
What is the remainder when 1617306 is divided by 299?
15
Calculate the remainder when 174223 is divided by 58038.
109
Calculate the remainder when 173037 is divided by 53.
45
What is the remainder when 31185 is divided by 3428?
333
What is the remainder when 2235663 is divided by 2235469?
194
Calculate the remainder when 54924659 is divided by 1260.
1259
Calculate the remainder when 110865 is divided by 178.
149
What is the remainder when 2315497 is divided by 771830?
7
Calculate the remainder when 1013 is divided by 570.
443
Calculate the remainder when 11345989 is divided by 35905.
9
What is the remainder when 234485969 is divided by 282854?
3
What is the remainder when 214391643 is divided by 6204?
15
Calculate the remainder when 266410 is divided by 87751.
3157
Calculate the remainder when 941946 is divided by 528.
522
What is the remainder when 192751 is divided by 96201?
349
What is the remainder when 453322 is divided by 974?
412
Calculate the remainder when 1603265 is divided by 172.
53
Calculate the remainder when 302837 is divided by 10.
7
What is the remainder when 92679 is divided by 10878?
5655
Calculate the remainder when 9133 is divided by 381.
370
Calculate the remainder when 4269053 is divided by 550.
503
Calculate the remainder when 5286016 is divided by 440494.
88
What is the remainder when 5763630 is divided by 68?
18
What is the remainder when 76631 is divided by 8?
7
Calculate the remainder when 215427 is divided by 11337.
24
What is the remainder when 156273 is divided by 789?
51
Calculate the remainder when 294977 is divided by 6703.
45
What is the remainder when 138915 is divided by 684?
63
Calculate the remainder when 251711 is divided by 31447.
135
What is the remainder when 99104015 is divided by 290?
285
Calculate the remainder when 981012 is divided by 958.
20
Calculate the remainder when 25710 is divided by 550.
410
What is the remainder when 105823 is divided by 9586?
377
Calculate the remainder when 528836 is divided by 124.
100
Calculate the remainder when 387284 is divided by 96807.
56
What is the remainder when 58134 is divided by 3114?
2082
What is the remainder when 95490 is divided by 13606?
248
What is the remainder when 1648232225 is divided by 17313?
17312
What is the remainder when 7471569 is divided by 376?
73
Calculate the remainder when